{"id":12,"date":"2015-07-05T10:53:58","date_gmt":"2015-07-05T10:53:58","guid":{"rendered":"http:\/\/ekosspiritus.hr\/?page_id=12"},"modified":"2016-01-11T10:18:38","modified_gmt":"2016-01-11T10:18:38","slug":"udruga-sv-izidor-seljak","status":"publish","type":"page","link":"https:\/\/ekosspiritus.hr\/index.php\/udruga-sv-izidor-seljak\/","title":{"rendered":"&#8220;Sv. Izidor&#8221;"},"content":{"rendered":"<p>Dru\u0161tvo je osnovano 2010. godine s ciljevima o\u010duvanja kr\u0161\u0107anskih korijena, ba\u0161tine i kr\u0161\u0107anskog identiteta. Dru\u0161tvo je tijekom proteklih pet godina imalo nekoliko izlo\u017ebi u suradnji s Samoborskim muzejom te je redovito odr\u017eavalo radionice u kojima su se gotovo zaboravljene vje\u0161tine prenosile iz starijih na mla\u0111e nara\u0161taje.<br \/>\n\u010clanovi Dru\u0161tva redovito sudjeluju na \u017eupnim sve\u010danostima u svim samoborskim \u017eupama, pro\u0161tenjima u kapelama te dru\u0161tvenim i kulturnim doga\u0111ajima u Gradu. \u010clanovi su tijekom godina prikupili zavi\u010dajnu etnografsku zbirku koja broji preko 700. predmeta. Veliki fundus narodnih no\u0161nji samoborskog kraja \u010duva se kao dragocjenost narodnog rukotvorstva. Osim narodnih no\u0161nji prikupljen je veliki broj starih fotografija te formiran tradicijski vrt na Cerini u kojeg su posa\u0111ene brojne trajnice cvije\u0107a.<br \/>\nPredsjednica , Branka Toth, zauzeto i marljivo poti\u010de sve \u010dlanove na ostvarivanje ciljeva i nasljedovanje sveca, svetog Izidora ( \u017dige ) seljaka,koji je za\u0161titnik svih onih koji obra\u0111uju zemlju, vinograde i vo\u0107njake.<\/p>\n","protected":false},"excerpt":{"rendered":"<p>Dru\u0161tvo je osnovano 2010. godine s ciljevima o\u010duvanja kr\u0161\u0107anskih korijena, ba\u0161tine i kr\u0161\u0107anskog identiteta. Dru\u0161tvo je tijekom proteklih pet godina imalo nekoliko izlo\u017ebi u suradnji s Samoborskim muzejom te je redovito odr\u017eavalo<a class=\"moretag\" href=\"https:\/\/ekosspiritus.hr\/index.php\/udruga-sv-izidor-seljak\/\">Read More&#8230;<\/a><\/p>\n","protected":false},"author":1,"featured_media":316,"parent":0,"menu_order":4,"comment_status":"closed","ping_status":"closed","template":"","meta":{"footnotes":""},"class_list":["post-12","page","type-page","status-publish","has-post-thumbnail","hentry"],"_links":{"self":[{"href":"https:\/\/ekosspiritus.hr\/index.php\/wp-json\/wp\/v2\/pages\/12","targetHints":{"allow":["GET"]}}],"collection":[{"href":"https:\/\/ekosspiritus.hr\/index.php\/wp-json\/wp\/v2\/pages"}],"about":[{"href":"https:\/\/ekosspiritus.hr\/index.php\/wp-json\/wp\/v2\/types\/page"}],"author":[{"embeddable":true,"href":"https:\/\/ekosspiritus.hr\/index.php\/wp-json\/wp\/v2\/users\/1"}],"replies":[{"embeddable":true,"href":"https:\/\/ekosspiritus.hr\/index.php\/wp-json\/wp\/v2\/comments?post=12"}],"version-history":[{"count":4,"href":"https:\/\/ekosspiritus.hr\/index.php\/wp-json\/wp\/v2\/pages\/12\/revisions"}],"predecessor-version":[{"id":408,"href":"https:\/\/ekosspiritus.hr\/index.php\/wp-json\/wp\/v2\/pages\/12\/revisions\/408"}],"wp:featuredmedia":[{"embeddable":true,"href":"https:\/\/ekosspiritus.hr\/index.php\/wp-json\/wp\/v2\/media\/316"}],"wp:attachment":[{"href":"https:\/\/ekosspiritus.hr\/index.php\/wp-json\/wp\/v2\/media?parent=12"}],"curies":[{"name":"wp","href":"https:\/\/api.w.org\/{rel}","templated":true}]}}