{"id":379,"date":"2015-12-28T16:27:03","date_gmt":"2015-12-28T16:27:03","guid":{"rendered":"http:\/\/ekosspiritus.hr\/?page_id=379"},"modified":"2015-12-28T16:30:02","modified_gmt":"2015-12-28T16:30:02","slug":"najavljujemo-buduci-pohodi","status":"publish","type":"page","link":"https:\/\/ekosspiritus.hr\/index.php\/planinarski-krizni-put\/pkp-za-mlade\/najavljujemo-buduci-pohodi\/","title":{"rendered":"Najavljujemo: budu\u0107i pohodi"},"content":{"rendered":"<div class=\"tx-blog tx-post-row tx-masonry\"><div class=\"tx-blog-item tx-post-col-2\"><div class=\"tx-border-box\"><div class=\"tx-blog-imgpad\"><\/div><div class=\"tx-post-content\"><h3 class=\"tx-post-title\"><a href=\"https:\/\/ekosspiritus.hr\/index.php\/2019\/09\/13\/najavljujemo-64-planinarski-krizni-put\/\">NAJAVLJUJEMO: 64. Planinarski kri\u017eni put<\/a><\/h3><div style=\"height: 16px;\"><\/div><div class=\"tx-blog-content\">Dragi mladi prijatelji, hodo\u010dasnici, planinari, sudionici Planinarskih kri\u017enih puteva i oni koji \u0107e to tek postati! Jeste li slobodni? \u017delite li postati slobodni? Borite li se za slobodu? 64. Planinarski kri\u017eni put&lt;a class=&quot;moretag&quot; href=&quot;https:\/\/ekosspiritus.hr\/index.php\/2019\/09\/13\/najavljujemo-64-planinarski-krizni-put\/&quot;&gt;Read More...&lt;\/a&gt;<\/div><div class=\"tx-meta\"><span class=\"tx-author\">By : <a href=\"https:\/\/ekosspiritus.hr\/index.php\/author\/katarina\/\">Katarina Pucar<\/a><\/span><span class=\"tx-date\"> | Sep 13, 2019<\/span><\/div><\/div><\/div><\/div><div class=\"tx-blog-item tx-post-col-2\"><div class=\"tx-border-box\"><div class=\"tx-blog-img\"><a href=\"https:\/\/ekosspiritus.hr\/wp-content\/uploads\/2017\/03\/2016.03.13_08.10.17.jpg\" class=\"tx-colorbox\"><img decoding=\"async\" src=\"https:\/\/ekosspiritus.hr\/wp-content\/uploads\/2017\/03\/2016.03.13_08.10.17-600x360.jpg\" alt=\"\" class=\"blog-image\" \/><\/a><span class=\"tx-post-comm\"><span>0<\/span><\/span><\/div><div class=\"tx-post-content\"><h3 class=\"tx-post-title\"><a href=\"https:\/\/ekosspiritus.hr\/index.php\/2019\/03\/28\/prijava-za-63-pkp\/\">Prijava za 63. PKP<\/a><\/h3><div style=\"height: 16px;\"><\/div><div class=\"tx-blog-content\">Kako bi potvrdili svoje sudjelovanje na 63. Planinarskom kri\u017enom putu, morate jo\u0161 ispuniti prijavu koja sadr\u017ei va\u0161e osobne podatke. Prijavljuju se samo oni koji su uplatom potvrdili svoje putovanje. Prijava se ispunjava&lt;a class=&quot;moretag&quot; href=&quot;https:\/\/ekosspiritus.hr\/index.php\/2019\/03\/28\/prijava-za-63-pkp\/&quot;&gt;Read More...&lt;\/a&gt;<\/div><div class=\"tx-meta\"><span class=\"tx-author\">By : <a href=\"https:\/\/ekosspiritus.hr\/index.php\/author\/admin\/\">admin<\/a><\/span><span class=\"tx-date\"> | Mar 28, 2019<\/span><\/div><\/div><\/div><\/div><div class=\"tx-blog-item tx-post-col-2\"><div class=\"tx-border-box\"><div class=\"tx-blog-img\"><a href=\"https:\/\/ekosspiritus.hr\/wp-content\/uploads\/2016\/09\/1797429_586281084801046_4325850518326398977_n-Copy.jpg\" class=\"tx-colorbox\"><img decoding=\"async\" src=\"https:\/\/ekosspiritus.hr\/wp-content\/uploads\/2016\/09\/1797429_586281084801046_4325850518326398977_n-Copy-600x360.jpg\" alt=\"\" class=\"blog-image\" \/><\/a><span class=\"tx-post-comm\"><span>0<\/span><\/span><\/div><div class=\"tx-post-content\"><h3 class=\"tx-post-title\"><a href=\"https:\/\/ekosspiritus.hr\/index.php\/2019\/03\/06\/najavljujemo-63-planinarski-krizni-put\/\">NAJAVLJUJEMO: 63. Planinarski kri\u017eni put<\/a><\/h3><div style=\"height: 16px;\"><\/div><div class=\"tx-blog-content\">Dragi mladi prijatelji, hodo\u010dasnici, planinari, sudionici Planinarskih kri\u017enih puteva i oni koji \u0107e to tek postati! Dugo smo planirali Planinarski kri\u017eni put u Istri. Planovi nam se ostvaruju ove korizme u petom&lt;a class=&quot;moretag&quot; href=&quot;https:\/\/ekosspiritus.hr\/index.php\/2019\/03\/06\/najavljujemo-63-planinarski-krizni-put\/&quot;&gt;Read More...&lt;\/a&gt;<\/div><div class=\"tx-meta\"><span class=\"tx-author\">By : <a href=\"https:\/\/ekosspiritus.hr\/index.php\/author\/katarina\/\">Katarina Pucar<\/a><\/span><span class=\"tx-date\"> | Mar 6, 2019<\/span><\/div><\/div><\/div><\/div><div class=\"tx-blog-item tx-post-col-2\"><div class=\"tx-border-box\"><div class=\"tx-blog-img\"><a href=\"https:\/\/ekosspiritus.hr\/wp-content\/uploads\/2017\/03\/2016.03.13_08.10.17.jpg\" class=\"tx-colorbox\"><img decoding=\"async\" src=\"https:\/\/ekosspiritus.hr\/wp-content\/uploads\/2017\/03\/2016.03.13_08.10.17-600x360.jpg\" alt=\"\" class=\"blog-image\" \/><\/a><span class=\"tx-post-comm\"><span>0<\/span><\/span><\/div><div class=\"tx-post-content\"><h3 class=\"tx-post-title\"><a href=\"https:\/\/ekosspiritus.hr\/index.php\/2018\/10\/11\/raspored-autobusa-za-62-planinarski-krizni-put-udruge-ekosspiritus\/\">Raspored autobusa za 62. Planinarski kri\u017eni put udruge Ekosspiritus<\/a><\/h3><div style=\"height: 16px;\"><\/div><div class=\"tx-blog-content\">Raspored autobusa za 62. Planinarski kri\u017eni put udruge Ekosspiritus Ravna Gora \u2013 Mrkopalj \u2013 Delnice Dragi prijatelji! Jo\u0161 jednom podsje\u0107amo, svatko tko je prijavljen za 62. Planinarski kri\u017eni put udruge Ekosspiritus preko&lt;a class=&quot;moretag&quot; href=&quot;https:\/\/ekosspiritus.hr\/index.php\/2018\/10\/11\/raspored-autobusa-za-62-planinarski-krizni-put-udruge-ekosspiritus\/&quot;&gt;Read More...&lt;\/a&gt;<\/div><div class=\"tx-meta\"><span class=\"tx-author\">By : <a href=\"https:\/\/ekosspiritus.hr\/index.php\/author\/katarina\/\">Katarina Pucar<\/a><\/span><span class=\"tx-date\"> | Oct 11, 2018<\/span><\/div><\/div><\/div><\/div><\/div><div class=\"nx-paging\"><div class=\"nx-paging-inner\"><span aria-current=\"page\" class=\"page-numbers current\">1<\/span>\n<a class=\"page-numbers\" href=\"https:\/\/ekosspiritus.hr\/index.php\/wp-json\/wp\/v2\/pages\/379\/page\/2\/\">2<\/a>\n<a class=\"page-numbers\" href=\"https:\/\/ekosspiritus.hr\/index.php\/wp-json\/wp\/v2\/pages\/379\/page\/3\/\">3<\/a>\n<span class=\"page-numbers dots\">&hellip;<\/span>\n<a class=\"page-numbers\" href=\"https:\/\/ekosspiritus.hr\/index.php\/wp-json\/wp\/v2\/pages\/379\/page\/8\/\">8<\/a>\n<a class=\"next page-numbers\" href=\"https:\/\/ekosspiritus.hr\/index.php\/wp-json\/wp\/v2\/pages\/379\/page\/2\/\">&raquo;<\/a><\/div><\/div>\n","protected":false},"excerpt":{"rendered":"","protected":false},"author":1,"featured_media":0,"parent":72,"menu_order":0,"comment_status":"closed","ping_status":"closed","template":"","meta":{"footnotes":""},"class_list":["post-379","page","type-page","status-publish","hentry"],"_links":{"self":[{"href":"https:\/\/ekosspiritus.hr\/index.php\/wp-json\/wp\/v2\/pages\/379","targetHints":{"allow":["GET"]}}],"collection":[{"href":"https:\/\/ekosspiritus.hr\/index.php\/wp-json\/wp\/v2\/pages"}],"about":[{"href":"https:\/\/ekosspiritus.hr\/index.php\/wp-json\/wp\/v2\/types\/page"}],"author":[{"embeddable":true,"href":"https:\/\/ekosspiritus.hr\/index.php\/wp-json\/wp\/v2\/users\/1"}],"replies":[{"embeddable":true,"href":"https:\/\/ekosspiritus.hr\/index.php\/wp-json\/wp\/v2\/comments?post=379"}],"version-history":[{"count":2,"href":"https:\/\/ekosspiritus.hr\/index.php\/wp-json\/wp\/v2\/pages\/379\/revisions"}],"predecessor-version":[{"id":382,"href":"https:\/\/ekosspiritus.hr\/index.php\/wp-json\/wp\/v2\/pages\/379\/revisions\/382"}],"up":[{"embeddable":true,"href":"https:\/\/ekosspiritus.hr\/index.php\/wp-json\/wp\/v2\/pages\/72"}],"wp:attachment":[{"href":"https:\/\/ekosspiritus.hr\/index.php\/wp-json\/wp\/v2\/media?parent=379"}],"curies":[{"name":"wp","href":"https:\/\/api.w.org\/{rel}","templated":true}]}}